{"id":10,"date":"2018-04-12T15:21:11","date_gmt":"2018-04-12T15:21:11","guid":{"rendered":"https:\/\/marcali.plebania.hu\/?page_id=10"},"modified":"2025-02-15T20:36:58","modified_gmt":"2025-02-15T20:36:58","slug":"miserend","status":"publish","type":"page","link":"https:\/\/marcali.plebania.hu\/?page_id=10","title":{"rendered":"Miserend, programok"},"content":{"rendered":"\n<iframe loading=\"lazy\" src=\"https:\/\/calendar.google.com\/calendar\/embed?height=600&#038;wkst=2&#038;ctz=Europe%2FBudapest&#038;mode=AGENDA&#038;showPrint=0&#038;title=Templomi%20%C3%A9s%20pl%C3%A9b%C3%A1niai%20programjaink&#038;showTz=0&#038;src=YmIwMGUyZmQwMWViYWYyODY5ZjVkMjZlNWM3OTFiNzM3MDNhMjUzNDI4OTIzYTk3YWE4MjQ4MjE4YzJhM2U5ZEBncm91cC5jYWxlbmRhci5nb29nbGUuY29t&#038;src=NTk1ZWE3Y2M3MmIzMTRmZjE1YWMzYzFiMjBmYThhZWE1Y2UyMGVjMzVjOTdjMTJlNTA4NzdkMjdlYjc5ZmJiZEBncm91cC5jYWxlbmRhci5nb29nbGUuY29t&#038;color=%237986CB&#038;color=%23A79B8E\" style=\"border-width:0\" width=\"800\" height=\"600\" frameborder=\"0\" scrolling=\"no\"><\/iframe>\n\n\n\n<hr class=\"wp-block-separator has-alpha-channel-opacity\"\/>\n\n\n<h2 align=\"center\">Miserend (\u00e1ltal\u00e1nos)<\/h2>\n<p align=\"center\"><strong>H\u00e9tk\u00f6znap (kedd-p\u00e9ntek)<br \/><\/strong>Pl\u00e9b\u00e1niatemplom 17:30<\/p>\n<p align=\"center\"><strong>Szombat (vas\u00e1rnap el\u0151esti mise)<br \/><\/strong>Pl\u00e9b\u00e1niatemplom 17:30<\/p>\n<p align=\"center\"><strong>Vas\u00e1rnap<br \/><\/strong>Pl\u00e9b\u00e1niatemplom: 9:00<br \/>Gombai templom: 11:00<br \/>Boldog Gizella-templom: 17:30<\/p>\n<p align=\"center\">Bizei templom: 11 \u00f3ra (h\u00f3nap utols\u00f3 vas\u00e1rnapja)<\/p>\n<p align=\"center\">Az esetleges elt\u00e9r\u00e9sekr\u0151l a <a href=\"https:\/\/marcali.plebania.hu\/index.php\/hireink\/\">heti hirdet\u00e9sek<\/a>ben adunk t\u00e1j\u00e9koztat\u00e1st.<\/p>\n\n\n<p><\/p>\n\n\n\n<p><\/p>\n","protected":false},"excerpt":{"rendered":"<p>Miserend (\u00e1ltal\u00e1nos) H\u00e9tk\u00f6znap (kedd-p\u00e9ntek)Pl\u00e9b\u00e1niatemplom 17:30 Szombat (vas\u00e1rnap el\u0151esti mise)Pl\u00e9b\u00e1niatemplom 17:30 Vas\u00e1rnapPl\u00e9b\u00e1niatemplom: 9:00Gombai templom: 11:00Boldog Gizella-templom: 17:30 Bizei templom: 11 \u00f3ra (h\u00f3nap utols\u00f3 vas\u00e1rnapja) Az esetleges elt\u00e9r\u00e9sekr\u0151l a heti hirdet\u00e9sekben adunk t\u00e1j\u00e9koztat\u00e1st.<\/p>\n","protected":false},"author":1,"featured_media":0,"parent":0,"menu_order":0,"comment_status":"closed","ping_status":"closed","template":"","meta":{"footnotes":""},"class_list":["post-10","page","type-page","status-publish","hentry"],"_links":{"self":[{"href":"https:\/\/marcali.plebania.hu\/index.php?rest_route=\/wp\/v2\/pages\/10","targetHints":{"allow":["GET"]}}],"collection":[{"href":"https:\/\/marcali.plebania.hu\/index.php?rest_route=\/wp\/v2\/pages"}],"about":[{"href":"https:\/\/marcali.plebania.hu\/index.php?rest_route=\/wp\/v2\/types\/page"}],"author":[{"embeddable":true,"href":"https:\/\/marcali.plebania.hu\/index.php?rest_route=\/wp\/v2\/users\/1"}],"replies":[{"embeddable":true,"href":"https:\/\/marcali.plebania.hu\/index.php?rest_route=%2Fwp%2Fv2%2Fcomments&post=10"}],"version-history":[{"count":31,"href":"https:\/\/marcali.plebania.hu\/index.php?rest_route=\/wp\/v2\/pages\/10\/revisions"}],"predecessor-version":[{"id":6745,"href":"https:\/\/marcali.plebania.hu\/index.php?rest_route=\/wp\/v2\/pages\/10\/revisions\/6745"}],"wp:attachment":[{"href":"https:\/\/marcali.plebania.hu\/index.php?rest_route=%2Fwp%2Fv2%2Fmedia&parent=10"}],"curies":[{"name":"wp","href":"https:\/\/api.w.org\/{rel}","templated":true}]}}

<iframe loading="lazy" src="https://calendar.google.com/calendar/embed?height=600&#038;wkst=2&#038;ctz=Europe%2FBudapest&#038;mode=AGENDA&#038;showPrint=0&#038;title=Templomi%20%C3%A9s%20pl%C3%A9b%C3%A1niai%20programjaink&#038;showTz=0&#038;src=YmIwMGUyZmQwMWViYWYyODY5ZjVkMjZlNWM3OTFiNzM3MDNhMjUzNDI4OTIzYTk3YWE4MjQ4MjE4YzJhM2U5ZEBncm91cC5jYWxlbmRhci5nb29nbGUuY29t&#038;src=NTk1ZWE3Y2M3MmIzMTRmZjE1YWMzYzFiMjBmYThhZWE1Y2UyMGVjMzVjOTdjMTJlNTA4NzdkMjdlYjc5ZmJiZEBncm91cC5jYWxlbmRhci5nb29nbGUuY29t&#038;color=%237986CB&#038;color=%23A79B8E" style="border-width:0" width="800" height="600" frameborder="0" scrolling="no"></iframe>



<hr class="wp-block-separator has-alpha-channel-opacity"/>


<h2 align="center">Miserend (általános)</h2>
<p align="center"><strong>Hétköznap (kedd-péntek)<br /></strong>Plébániatemplom 17:30</p>
<p align="center"><strong>Szombat (vasárnap előesti mise)<br /></strong>Plébániatemplom 17:30</p>
<p align="center"><strong>Vasárnap<br /></strong>Plébániatemplom: 9:00<br />Gombai templom: 11:00<br />Boldog Gizella-templom: 17:30</p>
<p align="center">Bizei templom: 11 óra (hónap utolsó vasárnapja)</p>
<p align="center">Az esetleges eltérésekről a <a href="https://marcali.plebania.hu/index.php/hireink/">heti hirdetések</a>ben adunk tájékoztatást.</p>


<p></p>



<p></p>

<p>Miserend (általános) Hétköznap (kedd-péntek)Plébániatemplom 17:30 Szombat (vasárnap előesti mise)Plébániatemplom 17:30 VasárnapPlébániatemplom: 9:00Gombai templom: 11:00Boldog Gizella-templom: 17:30 Bizei templom: 11 óra (hónap utolsó vasárnapja) Az esetleges eltérésekről a heti hirdetésekben adunk tájékoztatást.</p>
