{"id":40,"date":"2018-04-14T07:53:53","date_gmt":"2018-04-14T07:53:53","guid":{"rendered":"https:\/\/marcali.plebania.hu\/?page_id=40"},"modified":"2023-10-24T20:21:12","modified_gmt":"2023-10-24T20:21:12","slug":"boldog-gizella-templom","status":"publish","type":"page","link":"https:\/\/marcali.plebania.hu\/?page_id=40","title":{"rendered":"Boldog Gizella-templom"},"content":{"rendered":"<p><img loading=\"lazy\" decoding=\"async\" class=\"wp-image-122 aligncenter\" src=\"https:\/\/marcali.plebania.hu\/wp-content\/uploads\/2018\/04\/bgizella.jpg\" alt=\"\" width=\"628\" height=\"479\" srcset=\"https:\/\/marcali.plebania.hu\/wp-content\/uploads\/2018\/04\/bgizella.jpg 1340w, https:\/\/marcali.plebania.hu\/wp-content\/uploads\/2018\/04\/bgizella-300x229.jpg 300w, https:\/\/marcali.plebania.hu\/wp-content\/uploads\/2018\/04\/bgizella-768x586.jpg 768w, https:\/\/marcali.plebania.hu\/wp-content\/uploads\/2018\/04\/bgizella-1024x781.jpg 1024w, https:\/\/marcali.plebania.hu\/wp-content\/uploads\/2018\/04\/bgizella-354x270.jpg 354w\" sizes=\"auto, (max-width: 628px) 100vw, 628px\" \/><\/p>\n<p>\u00a0<\/p>\n<p><strong>Alap\u00edtva:<\/strong>\u00a01993<br \/><strong>Anyak\u00f6nyvez\u00e9s:<\/strong>\u00a01993-t\u00f3l a pl\u00e9b\u00e1niatemplomban<br \/><strong>Titulusa:<\/strong>\u00a0Boldog Gizella kir\u00e1lyn\u00e9<br \/><strong>B\u00facs\u00fa napja:<\/strong>\u00a0m\u00e1jus 7.<\/p>\n<p>A pl\u00e9b\u00e1niatemplom fel\u00faj\u00edt\u00e1sa sor\u00e1n mer\u00fclt fel R\u00e9vai J\u00f3zsef c. pr\u00e9post, pl\u00e9b\u00e1nosban egy \u00faj templom \u00e9p\u00edt\u00e9s\u00e9nek \u00f6tlete 1988-89-ben. A helysz\u00ednt az \u00faj Berzsenyi lak\u00f3telepen tervezt\u00e9k, amelyhez a v\u00e1ros a telket ingyen aj\u00e1nlotta fel az Egyh\u00e1zk\u00f6zs\u00e9gnek.<br \/>A munk\u00e1k 1991. szeptember 16-\u00e1n indultak meg. Majd els\u0151 l\u00e9pcs\u0151ben a f\u00f6ldmunk\u00e1k 1991. december 15-\u00e9re fejez\u0151dtek be.<br \/>1992. m\u00e1rcius 21-\u00e9n\u00a0dr. Szendi J\u00f3zsef megy\u00e9sp\u00fcsp\u00f6k\u00a0\u00far \u00fcnnepi szentmis\u00e9t mutatott be a Marcali pl\u00e9b\u00e1niatemplomban, majd ezut\u00e1n az \u00fajonnan \u00e9p\u00fcl\u0151 templomn\u00e1l \u2013\u00a0dr. S\u00fct\u0151 L\u00e1szl\u00f3 polg\u00e1rmester\u00a0jelenl\u00e9t\u00e9ben \u2013 elhelyezt\u00e9k az alapk\u00f6vet.<br \/><br \/>1993 tavasz\u00e1n Hubert Schamberger v\u00e1llalkoz\u00f3 az \u00faj templomhoz harangokat \u00f6ntetett. A 348 kg-os nagyharang felirata: \u201eIndustrie Elektrik a Marcali R\u00f3m. Kat. Egyh\u00e1zk\u00f6zs\u00e9gnek\u201d (Magyarok Nagyasszonya k\u00e9ppel) \u201e\u00d6nt\u00f6tte: Gombos Lajos harang\u00f6nt\u0151 mester \u0150rbotty\u00e1nban 1993 \u00e9vben\u201d. A 110 kg-os kisharang felirata: \u201eIndustrie Elektrik a Marcali R\u00f3m. Kat. Egyh\u00e1zk\u00f6zs\u00e9gnek\u201d (Szent J\u00f3zsef k\u00e9ppel) \u201e\u00d6nt\u00f6tte: Gombos Mikl\u00f3s harang\u00f6nt\u0151 mester \u0150rbotty\u00e1nban 1993 \u00e9vben\u201d.<br \/>Ezut\u00e1n 1993. m\u00e1rcius\u00e1ban a templom bels\u0151 berendez\u00e9s\u00e9t Kling J\u00f3zsef kaposv\u00e1ri szobr\u00e1szm\u0171v\u00e9szn\u00e9l rendelt\u00e9k meg: olt\u00e1rt, amb\u00f3t, sed\u00edli\u00e1kat, tabern\u00e1culumot, valamint a Boldog Gizell\u00e1t \u00e1br\u00e1zol\u00f3 olt\u00e1rk\u00e9pet (fa domborm\u0171) \u00e9s 20 db templomi padot. 1993. augusztus 20-\u00e1n dr. Szendi J\u00f3zsef veszpr\u00e9mi \u00e9rsek felszentelte az \u00faj Boldog Gizella-templomot. Az \u00fcnnepi szentmis\u00e9n 20 pap, valamint t\u00f6bb sz\u00e1z h\u00edv\u0151 \u00e9s megh\u00edvott vend\u00e9g volt jelen.<br \/><br \/>A templom felszentel\u00e9se ut\u00e1ni h\u00f3napban meghalt az \u00e9p\u00edt\u0151 pl\u00e9b\u00e1nos.<br \/>1993. november 1-t\u0151l Kiss Iv\u00e1n lett Marcali pl\u00e9b\u00e1nosa, az \u0151 feladata volt a templom \u00e9let\u00e9nek elind\u00edt\u00e1sa. 1993 tel\u00e9n templomf\u0171t\u00e9s k\u00e9sz\u00fclt, kar\u00e1csonykor el\u00e9g nagy t\u00f6meg j\u00f6tt a templomhoz, az \u00e9jjeli mis\u00e9n. Megkezd\u0151d\u00f6tt a hi\u00e1nyz\u00f3 bels\u0151 berendez\u00e9s beszerz\u00e9se, \u00fajabb templomi padok k\u00e9sz\u00fcltek, elektronikus orgona ker\u00fclt a k\u00f3rusra. 2004. augusztus 20-\u00e1n m\u00e1r ez a templom adott helyet a Szent Istv\u00e1n \u00fcnnepnek- X-es fiatalok fogadalomt\u00e9tel\u00e9vel eml\u00e9kezt\u00fcnk az egy\u00e9ves szentel\u00e9si \u00e9vfordul\u00f3ra. 1995-t\u0151l janu\u00e1r h\u00f3napban az \u00f6kumenikus tal\u00e1lkoz\u00f3k helye, t\u00f6bb \u00edzben feln\u0151tt fiatalokat b\u00e9rm\u00e1lt Bal\u00e1s B\u00e9la kaposv\u00e1ri p\u00fcsp\u00f6k, itt tett esk\u00fct az Egyh\u00e1zk\u00f6zs\u00e9g K\u00e9pvisel\u0151 Test\u00fclete, minden \u00e9vben els\u0151\u00e1ldoz\u00e1s is volt a templomban. A kereszt\u00fat Prokopp P\u00e9ter fest\u0151m\u0171v\u00e9sz aj\u00e1nd\u00e9ka. T\u00f6bb \u00edzben ker\u00fclt sor \u00e1llagmeg\u00f3v\u00f3 munk\u00e1ra. Kar\u00e1csonyi koncert \u00e9s a Marcali Calypso k\u00f3rus \u00e1ltal \u00e9nekelt szentmis\u00e9re is sor ker\u00fclt. 2003 kar\u00e1csony\u00e1ra Koll\u00e1r R\u00f3bert m\u00e9rn\u00f6k tervez\u00e9s\u00e9ben k\u00e9sz\u00fcl el d\u00edszkivil\u00e1g\u00edt\u00e1sa. 2005-ben t\u00f6bb fontos esem\u00e9ny sz\u00ednhelye. Itt ker\u00fclt sor a p\u00fcnk\u00f6sdi vigass\u00e1gok keret\u00e9ben a szentmis\u00e9re. Boldog Gizella \u00fcnnep\u00e9n pedig a Magyar Katolikus R\u00e1di\u00f3 \u00e9l\u0151ben innen k\u00f6zvet\u00edtette a szentmis\u00e9t.<br \/>K\u00f6zben a templom k\u00f6rny\u00e9ke is megv\u00e1ltozott. \u00dajabb utc\u00e1k \u00e9p\u00fcltek k\u00f6r\u00e9, mellette. Term\u00e1lf\u00fcrd\u0151 l\u00e9tes\u00fclt. Minden vas\u00e1rnap 18 \u00f3rakor kezd\u0151dik a szentmise, t\u00e9len pedig vas\u00e1rnap 17 \u00f3rakor.<\/p>\n<p>Forr\u00e1sok:<br \/>\u2013 Marcali Pl\u00e9b\u00e1nia Historia Domus II. k\u00f6tet (1940-2008)<br \/>\u2013 Marcali Pl\u00e9b\u00e1nia Historia Domus III. k\u00f6tet (2008-t\u00f3l)<\/p>\n<p>\u00d6ssze\u00e1ll\u00edtotta:\u00a0Kiss K\u00e1lm\u00e1n<\/p>\n\n\n<p><\/p>\n","protected":false},"excerpt":{"rendered":"<p>\u00a0 Alap\u00edtva:\u00a01993Anyak\u00f6nyvez\u00e9s:\u00a01993-t\u00f3l a pl\u00e9b\u00e1niatemplombanTitulusa:\u00a0Boldog Gizella kir\u00e1lyn\u00e9B\u00facs\u00fa napja:\u00a0m\u00e1jus 7. A pl\u00e9b\u00e1niatemplom fel\u00faj\u00edt\u00e1sa sor\u00e1n mer\u00fclt fel R\u00e9vai J\u00f3zsef c. pr\u00e9post, pl\u00e9b\u00e1nosban egy \u00faj templom \u00e9p\u00edt\u00e9s\u00e9nek \u00f6tlete 1988-89-ben. A helysz\u00ednt az \u00faj Berzsenyi lak\u00f3telepen tervezt\u00e9k, amelyhez a v\u00e1ros a telket ingyen aj\u00e1nlotta fel az Egyh\u00e1zk\u00f6zs\u00e9gnek.A munk\u00e1k 1991. szeptember 16-\u00e1n indultak meg. Majd els\u0151 l\u00e9pcs\u0151ben a f\u00f6ldmunk\u00e1k 1991. december 15-\u00e9re fejez\u0151dtek be.1992. m\u00e1rcius 21-\u00e9n\u00a0dr. Szendi J\u00f3zsef megy\u00e9sp\u00fcsp\u00f6k\u00a0\u00far \u00fcnnepi szentmis\u00e9t mutatott be a Marcali pl\u00e9b\u00e1niatemplomban, majd ezut\u00e1n az \u00fajonnan \u00e9p\u00fcl\u0151 templomn\u00e1l \u2013\u00a0dr. S\u00fct\u0151 L\u00e1szl\u00f3 polg\u00e1rmester\u00a0jelenl\u00e9t\u00e9ben&#8230;<\/p>\n<p class=\"read-more\"><a class=\"btn btn-default\" href=\"https:\/\/marcali.plebania.hu\/?page_id=40\"> Read More<span class=\"screen-reader-text\">  Read More<\/span><\/a><\/p>\n","protected":false},"author":1,"featured_media":0,"parent":12,"menu_order":0,"comment_status":"closed","ping_status":"closed","template":"","meta":{"footnotes":""},"class_list":["post-40","page","type-page","status-publish","hentry"],"_links":{"self":[{"href":"https:\/\/marcali.plebania.hu\/index.php?rest_route=\/wp\/v2\/pages\/40","targetHints":{"allow":["GET"]}}],"collection":[{"href":"https:\/\/marcali.plebania.hu\/index.php?rest_route=\/wp\/v2\/pages"}],"about":[{"href":"https:\/\/marcali.plebania.hu\/index.php?rest_route=\/wp\/v2\/types\/page"}],"author":[{"embeddable":true,"href":"https:\/\/marcali.plebania.hu\/index.php?rest_route=\/wp\/v2\/users\/1"}],"replies":[{"embeddable":true,"href":"https:\/\/marcali.plebania.hu\/index.php?rest_route=%2Fwp%2Fv2%2Fcomments&post=40"}],"version-history":[{"count":6,"href":"https:\/\/marcali.plebania.hu\/index.php?rest_route=\/wp\/v2\/pages\/40\/revisions"}],"predecessor-version":[{"id":5076,"href":"https:\/\/marcali.plebania.hu\/index.php?rest_route=\/wp\/v2\/pages\/40\/revisions\/5076"}],"up":[{"embeddable":true,"href":"https:\/\/marcali.plebania.hu\/index.php?rest_route=\/wp\/v2\/pages\/12"}],"wp:attachment":[{"href":"https:\/\/marcali.plebania.hu\/index.php?rest_route=%2Fwp%2Fv2%2Fmedia&parent=40"}],"curies":[{"name":"wp","href":"https:\/\/api.w.org\/{rel}","templated":true}]}}

<p><img loading="lazy" decoding="async" class="wp-image-122 aligncenter" src="https://marcali.plebania.hu/wp-content/uploads/2018/04/bgizella.jpg" alt="" width="628" height="479" srcset="https://marcali.plebania.hu/wp-content/uploads/2018/04/bgizella.jpg 1340w, https://marcali.plebania.hu/wp-content/uploads/2018/04/bgizella-300x229.jpg 300w, https://marcali.plebania.hu/wp-content/uploads/2018/04/bgizella-768x586.jpg 768w, https://marcali.plebania.hu/wp-content/uploads/2018/04/bgizella-1024x781.jpg 1024w, https://marcali.plebania.hu/wp-content/uploads/2018/04/bgizella-354x270.jpg 354w" sizes="auto, (max-width: 628px) 100vw, 628px" /></p>
<p> </p>
<p><strong>Alapítva:</strong> 1993<br /><strong>Anyakönyvezés:</strong> 1993-tól a plébániatemplomban<br /><strong>Titulusa:</strong> Boldog Gizella királyné<br /><strong>Búcsú napja:</strong> május 7.</p>
<p>A plébániatemplom felújítása során merült fel Révai József c. prépost, plébánosban egy új templom építésének ötlete 1988-89-ben. A helyszínt az új Berzsenyi lakótelepen tervezték, amelyhez a város a telket ingyen ajánlotta fel az Egyházközségnek.<br />A munkák 1991. szeptember 16-án indultak meg. Majd első lépcsőben a földmunkák 1991. december 15-ére fejeződtek be.<br />1992. március 21-én dr. Szendi József megyéspüspök úr ünnepi szentmisét mutatott be a Marcali plébániatemplomban, majd ezután az újonnan épülő templomnál – dr. Sütő László polgármester jelenlétében – elhelyezték az alapkövet.<br /><br />1993 tavaszán Hubert Schamberger vállalkozó az új templomhoz harangokat öntetett. A 348 kg-os nagyharang felirata: „Industrie Elektrik a Marcali Róm. Kat. Egyházközségnek” (Magyarok Nagyasszonya képpel) „Öntötte: Gombos Lajos harangöntő mester Őrbottyánban 1993 évben”. A 110 kg-os kisharang felirata: „Industrie Elektrik a Marcali Róm. Kat. Egyházközségnek” (Szent József képpel) „Öntötte: Gombos Miklós harangöntő mester Őrbottyánban 1993 évben”.<br />Ezután 1993. márciusában a templom belső berendezését Kling József kaposvári szobrászművésznél rendelték meg: oltárt, ambót, sedíliákat, tabernáculumot, valamint a Boldog Gizellát ábrázoló oltárképet (fa dombormű) és 20 db templomi padot. 1993. augusztus 20-án dr. Szendi József veszprémi érsek felszentelte az új Boldog Gizella-templomot. Az ünnepi szentmisén 20 pap, valamint több száz hívő és meghívott vendég volt jelen.<br /><br />A templom felszentelése utáni hónapban meghalt az építő plébános.<br />1993. november 1-től Kiss Iván lett Marcali plébánosa, az ő feladata volt a templom életének elindítása. 1993 telén templomfűtés készült, karácsonykor elég nagy tömeg jött a templomhoz, az éjjeli misén. Megkezdődött a hiányzó belső berendezés beszerzése, újabb templomi padok készültek, elektronikus orgona került a kórusra. 2004. augusztus 20-án már ez a templom adott helyet a Szent István ünnepnek- X-es fiatalok fogadalomtételével emlékeztünk az egyéves szentelési évfordulóra. 1995-től január hónapban az ökumenikus találkozók helye, több ízben felnőtt fiatalokat bérmált Balás Béla kaposvári püspök, itt tett esküt az Egyházközség Képviselő Testülete, minden évben elsőáldozás is volt a templomban. A keresztút Prokopp Péter festőművész ajándéka. Több ízben került sor állagmegóvó munkára. Karácsonyi koncert és a Marcali Calypso kórus által énekelt szentmisére is sor került. 2003 karácsonyára Kollár Róbert mérnök tervezésében készül el díszkivilágítása. 2005-ben több fontos esemény színhelye. Itt került sor a pünkösdi vigasságok keretében a szentmisére. Boldog Gizella ünnepén pedig a Magyar Katolikus Rádió élőben innen közvetítette a szentmisét.<br />Közben a templom környéke is megváltozott. Újabb utcák épültek köré, mellette. Termálfürdő létesült. Minden vasárnap 18 órakor kezdődik a szentmise, télen pedig vasárnap 17 órakor.</p>
<p>Források:<br />– Marcali Plébánia Historia Domus II. kötet (1940-2008)<br />– Marcali Plébánia Historia Domus III. kötet (2008-tól)</p>
<p>Összeállította: Kiss Kálmán</p>


<p></p>

<p>  Alapítva: 1993Anyakönyvezés: 1993-tól a plébániatemplombanTitulusa: Boldog Gizella királynéBúcsú napja: május 7. A plébániatemplom felújítása során merült fel Révai József c. prépost, plébánosban egy új templom építésének ötlete 1988-89-ben. A helyszínt az új Berzsenyi lakótelepen tervezték, amelyhez a város a telket ingyen ajánlotta fel az Egyházközségnek.A munkák 1991. szeptember 16-án indultak meg. Majd első lépcsőben a földmunkák 1991. december 15-ére fejeződtek be.1992. március 21-én dr. Szendi József megyéspüspök úr ünnepi szentmisét mutatott be a Marcali plébániatemplomban, majd ezután az újonnan épülő templomnál – dr. Sütő László polgármester jelenlétében&#8230;</p>
<p class="read-more"><a class="btn btn-default" href="https://marcali.plebania.hu/?page_id=40"> Read More<span class="screen-reader-text">  Read More</span></a></p>
