{"id":46,"date":"2018-04-14T07:54:44","date_gmt":"2018-04-14T07:54:44","guid":{"rendered":"https:\/\/marcali.plebania.hu\/?page_id=46"},"modified":"2023-10-24T20:56:59","modified_gmt":"2023-10-24T20:56:59","slug":"szent-orban-kapolna","status":"publish","type":"page","link":"https:\/\/marcali.plebania.hu\/?page_id=46","title":{"rendered":"Szent Orb\u00e1n-k\u00e1polna"},"content":{"rendered":"<p><strong>Alap\u00edtva:<\/strong>\u00a01700-as \u00e9vek v\u00e9ge<br \/><strong>Titulusa:<\/strong>\u00a0I. Szent Orb\u00e1n p\u00e1pa<br \/><strong>B\u00facs\u00fa napja:<\/strong>\u00a0m\u00e1jus 25.<\/p>\n<p>Marcali telep\u00fcl\u00e9st el\u0151sz\u00f6r 1274-ben eml\u00edti egy okirat. A t\u00f6r\u00f6k id\u0151k ut\u00e1n 1722-ben szervezt\u00e9k \u00fajj\u00e1 a pl\u00e9b\u00e1ni\u00e1t. Az anyak\u00f6nyveket 1724-t\u0151l kezdve vezetik. A Szent Orb\u00e1n-k\u00e1poln\u00e1t az 1700-as \u00e9vek v\u00e9g\u00e9n \u00e9p\u00edthett\u00e9k. Mai form\u00e1j\u00e1t 1866-ban nyerte el. 1883-ban egy b\u00edr\u00f3s\u00e1gi rendelkez\u00e9s a k\u00e1polna birtokainak j\u00f6vedelm\u00e9t az egyh\u00e1z jav\u00e1ra \u00edt\u00e9lte. Vagyon\u00e1t ett\u0151l kezdve a pl\u00e9b\u00e1nos \u00e9s a k\u00e1polnagondnok kezelte. Meg\u00e1llap\u00edtott\u00e1k ekkor, hogy a b\u00facs\u00faval \u00f6sszek\u00f6t\u00f6tt v\u00e1s\u00e1r \u00e9venk\u00e9nt 50-60 forint j\u00f6vedelmet hozott a k\u00e1poln\u00e1nak.<br \/>Az els\u0151 vil\u00e1gh\u00e1bor\u00fa alatt, katonai int\u00e9zked\u00e9sre leszerelt\u00e9k a k\u00e1polna harangj\u00e1t is. Az Orb\u00e1n-k\u00e1polna \u00faj, 44 kg-os harangj\u00e1t 1926. febru\u00e1r 7-\u00e9n, a d\u00e9lut\u00e1ni lit\u00e1nia ut\u00e1n, k\u00f6rmenetileg vitt\u00e9k ki a hegyre, ahol C. Rej\u0151d Tibor p. kamar\u00e1s, az Eccl\u00e9sia igazgat\u00f3ja tartott \u00fcnnepi besz\u00e9det, majd ut\u00e1na t\u00f6rt\u00e9nt meg a harang felszerel\u00e9se.<br \/>A rossz tet\u0151zetet 1932-ben hozatt\u00e1k rendbe, tov\u00e1bb\u00e1 k\u00edv\u00fcl-bel\u00fcl restaur\u00e1lt\u00e1k, valamint lemeszelt\u00e9k a k\u00e1poln\u00e1t, ezen k\u00edv\u00fcl m\u00e9g az ajt\u00f3kat \u00e9s ablakokat is \u00fajrafestett\u00e9k. A II. vil\u00e1gh\u00e1bor\u00fa v\u00e9g\u00e9n hosszan tart\u00f3 s\u00falyos harcok folytak Marcaliban \u00e9s k\u00f6rny\u00e9k\u00e9n. A front elvonul\u00e1sa ut\u00e1n K\u0151szeghy Antal pl\u00e9b\u00e1nos v\u00e9gigj\u00e1rta \u00e9s felm\u00e9rte a marcali templomok \u00e1llapot\u00e1t. Benyom\u00e1sait 1945. \u00e1prilis 15-\u00e9n a pl\u00e9b\u00e1nia Historia Domus-\u00e1ban jegyezte le: \u201eA Szt. Orb\u00e1n hegyik\u00e1polna tornya lel\u0151ve, az \u00e9p\u00fclet s\u00e9r\u00fclt, ablaktalan.\u201d A puszt\u00edt\u00e1sok nyomait csak lass\u00fa \u00fctemben tudt\u00e1k elt\u00fcntetni.<br \/>1966-ban dr. Luk\u00e1cs Istv\u00e1n pl\u00e9b\u00e1nos a k\u00e1polna sz\u00f3sz\u00e9k\u00e9t besz\u00e1ll\u00edttatta a pl\u00e9b\u00e1niatemplomba. Az Orb\u00e1n k\u00e1polna ablakait 1967-ben jav\u00edttatt\u00e1k ki V\u00f6r\u00f6s asztalossal, s\u0151t k\u00edv\u00fclr\u0151l m\u00e9g farostlemez-v\u00e9d\u0151ket is fel kellett szerelni a k\u0151dob\u00e1l\u00f3k ellen. A teljes tataroz\u00e1st 1968 m\u00e1jus\u00e1ban 4.988 Ft 20 fill\u00e9r k\u00f6lts\u00e9gen v\u00e9gezt\u00e9k el, amib\u0151l 900 Ft volt a tet\u0151 kijav\u00edt\u00e1sa. Cserepet a pl\u00e9b\u00e1nos a pl\u00e9b\u00e1nia-templomt\u00f3l hozatott. Sok k\u0151m\u0171ves, f\u0151leg Bejczi Istv\u00e1n dolgozott t\u00e1rsadalmi munk\u00e1ban. A befejez\u0151 munk\u00e1latokban Szab\u00f3 Antal is k\u00f6zrem\u0171k\u00f6d\u00f6tt.1971. m\u00e1jus 30-\u00e1n, P\u00fcnk\u00f6sd-vas\u00e1rnap dr. Luk\u00e1cs Istv\u00e1n pl\u00e9b\u00e1nos meg\u00e1ldotta a Szent Orb\u00e1n-k\u00e1polna el\u0151tt elhelyezett keresztet.<br \/>A k\u00e1polna k\u00f6r\u00fcli ter\u00fcletb\u0151l 1982-ben 440 m\u00b2-ert eladtak a k\u00f6rnyez\u0151 telektulajdonosoknak, akik az \u00e9p\u00fclet nyugati fel\u00e9n kocsibej\u00e1r\u00f3t l\u00e9tes\u00edtettek, a megmaradt r\u00e9szt beker\u00edtett\u00e9k dr\u00f3tker\u00edt\u00e9ssel, \u00e9s vaskapuval lez\u00e1rt\u00e1k. A k\u00e1poln\u00e1t\u00a0R\u00e9vai J\u00f3zsef pl\u00e9b\u00e1nos\u00a0saj\u00e1t p\u00e9nz\u00e9b\u0151l, 150.000 Ft k\u00f6lts\u00e9gen restaur\u00e1ltatta 1985-ben. A b\u00facs\u00fat \u00e9s a k\u00edv\u00fcl-bel\u00fcl fel\u00faj\u00edtott k\u00e1poln\u00e1t Szenth\u00e1roms\u00e1g vas\u00e1rnapj\u00e1n \u00e1ldotta meg a pl\u00e9b\u00e1nos nagy h\u00edv\u0151sereg jelenl\u00e9t\u00e9ben.<br \/>Az \u00fajabb k\u00fcls\u0151 fel\u00faj\u00edt\u00e1s 1993-ban kezd\u0151d\u00f6tt 1,1 milli\u00f3 Ft k\u00f6lts\u00e9gen. Majd imm\u00e1r Kiss Iv\u00e1n pl\u00e9b\u00e1nos idej\u00e9ben, 1994 tavasz\u00e1n, a bels\u0151 fel\u00faj\u00edt\u00e1ssal folytat\u00f3dott. A munk\u00e1t Kir\u00e1ly Jen\u0151 szervezte meg. Igen sok seg\u00edts\u00e9g \u00e9rkezett a h\u00edvekt\u0151l t\u00e1rsadalmi munk\u00e1ban \u00e9s adom\u00e1nyokban. Laki Istv\u00e1n v\u00e9gezte a k\u0151m\u0171ves munk\u00e1kat. Egy mag\u00e1t megnevezni nem k\u00edv\u00e1n\u00f3 h\u00edv\u0151 adom\u00e1nya lehet\u0151v\u00e9 tette, hogy az Orb\u00e1n-k\u00e1polna k\u00e9p\u00e9t is restaur\u00e1lni lehessen.<br \/>2001. okt\u00f3ber 4-\u00e9n kezd\u0151d\u00f6tt a k\u00e1polna vakolat\u00e1nak lekapar\u00e1sa, majd a falak szigetel\u00e9se. A fest\u00e9si munk\u00e1k 2002. \u00e1prilis 29-\u00e9n indultak meg. A teljesen fel\u00faj\u00edtott Szent Orb\u00e1n-k\u00e1poln\u00e1t m\u00e1jus 21-\u00e9n Bal\u00e1s B\u00e9la p\u00fcsp\u00f6k \u00e1ldotta meg. Kir\u00e1ly Jen\u0151 templomatya ir\u00e1ny\u00edt\u00e1s\u00e1val 2005. m\u00e1jus 6-\u00e1n elbontott\u00e1k a r\u00e9gi t\u00e9glaolt\u00e1r egy r\u00e9sz\u00e9t, hogy a pl\u00e9b\u00e1niatemplomb\u00f3l \u00e1tsz\u00e1ll\u00edtott fa-olt\u00e1rt el tudj\u00e1k helyezni. M\u00e1jus 13-\u00e1n asztalosok \u00faj dobog\u00f3t k\u00e9sz\u00edtettek az olt\u00e1r k\u00f6r\u00e9.<br \/>2009. szeptember 6-\u00e1n els\u0151 \u00edzben tartottak term\u00e9ny-betakar\u00edt\u00e1si h\u00e1laad\u00f3 szentmis\u00e9t. A h\u00edvek sz\u00e9p sz\u00e1mban hoztak k\u00fcl\u00f6nf\u00e9le term\u00e9nyeket, mellyel t\u00f6bb asztal is megtelt. A szentmis\u00e9t Kiss Iv\u00e1n c. pr\u00e9post, esperes-pl\u00e9b\u00e1nos celebr\u00e1lta a k\u00e1polna el\u0151tti szabadt\u00e9ren.<\/p>\n<p>\u00a0<\/p>\n<p>A k\u00e1polna v\u00e9d\u0151szentje: I. Szent Orb\u00e1n p\u00e1pa (222 \u00e9s 230 k\u00f6zt)<br \/>\u00dcnnepe:\u00a0m\u00e1jus 25.<\/p>\n<p>Legenda: Szent Cec\u00edlia v\u0151leg\u00e9ny\u00e9t, Valerianust Orb\u00e1n keresztelte meg. Ugyancsak \u0151 temette el Szent Cec\u00edli\u00e1t. Led\u00f6nt\u00f6tte a b\u00e1lv\u00e1nyokat. Megparancsolta a lelk\u00e9szeknek, hogy a kehely \u00e9s a pat\u00e9na ez\u00fcstb\u0151l vagy aranyb\u00f3l k\u00e9sz\u00fclj\u00f6n. A r\u00f3mai sz\u00e1rmaz\u00e1s\u00fa Orb\u00e1nt \u00e9s t\u00e1rsait lefejezt\u00e9k.<\/p>\n<p>Patron\u00e1tus:\u00a0N\u00e9metorsz\u00e1gban, mivel \u00fcnnepe egybeesik a sz\u0151l\u0151k m\u0171vel\u00e9s\u00e9nek befejez\u0151 \u00fcnnep\u00e9vel, a XIII. sz\u00e1zad \u00f3ta a vincell\u00e9rek patr\u00f3nusa [ez val\u00f3sz\u00edn\u0171leg a langres-i Orb\u00e1n p\u00fcsp\u00f6kr\u0151l (V. szd.) hagyom\u00e1nyoz\u00f3dott Orb\u00e1n p\u00e1p\u00e1ra]. Seg\u00edts\u00e9g\u00e9t k\u00e9rik fagyvesz\u00e9lyben.<\/p>\n<p>Tisztelet, kultuszhely:\u00a0Bizonytalan, hogy s\u00edrja R\u00f3m\u00e1ban, a Szent Callixtus-katakomb\u00e1ban volt-e. F\u00f6ldi maradv\u00e1nyait I. Paszk\u00e1l p\u00e1pa 819-ben \u00e1tvitette a Szent Cec\u00edlia-templomba.<\/p>\n<p>N\u00e9phit:\u00a0Orb\u00e1n-nap a k\u00f6z\u00e9pkori n\u00e9met jog szerint a megm\u0171velt sz\u0151l\u0151kb\u0151l sz\u00e1rmaz\u00f3 j\u00f6vedelem bevall\u00e1s\u00e1nak hat\u00e1rideje. Igen sok n\u00e9pszok\u00e1s ismeretes mez\u0151gazdas\u00e1ggal kapcsolatban, sok k\u00e9r\u0151 k\u00f6rmenet, Orb\u00e1n-lovagl\u00e1s, Orb\u00e1n-figur\u00e1k megm\u00e1rt\u00e1sa a patakban, Orb\u00e1n-aj\u00e1nd\u00e9kok (az Orb\u00e1n-kenyere szok\u00e1sb\u00f3l), bor \u00e9s egy\u00e9b term\u00e9kek form\u00e1j\u00e1ban szok\u00e1sos a Rajna vid\u00e9k\u00e9n az \u00f6regeknek \u00e9s betegeknek (1945 ut\u00e1n \u00fajj\u00e1\u00e9ledt). Id\u0151j\u00e1r\u00e1si fordul\u00f3nap, ha s\u00fct a nap Orb\u00e1n napj\u00e1n, az a bort j\u00f3 \u00e9vj\u00e1rat\u00fav\u00e1 teszi.<\/p>\n<p>Forr\u00e1sok:<br \/>\u2013 Marcali Pl\u00e9b\u00e1nia Historia Domus I. k\u00f6tet (1878-1939)<br \/>\u2013 Marcali Pl\u00e9b\u00e1nia Historia Domus II. k\u00f6tet (1940-2008)<br \/>\u2013 Marcali Pl\u00e9b\u00e1nia Historia Domus III. k\u00f6tet (2008-t\u00f3l)<br \/>\u2013 Szentek \u00c9lete<\/p>\n<p>\u00d6ssze\u00e1ll\u00edtotta:\u00a0Kiss K\u00e1lm\u00e1n<\/p>\n\n\n<p><\/p>\n","protected":false},"excerpt":{"rendered":"<p>Alap\u00edtva:\u00a01700-as \u00e9vek v\u00e9geTitulusa:\u00a0I. Szent Orb\u00e1n p\u00e1paB\u00facs\u00fa napja:\u00a0m\u00e1jus 25. Marcali telep\u00fcl\u00e9st el\u0151sz\u00f6r 1274-ben eml\u00edti egy okirat. A t\u00f6r\u00f6k id\u0151k ut\u00e1n 1722-ben szervezt\u00e9k \u00fajj\u00e1 a pl\u00e9b\u00e1ni\u00e1t. Az anyak\u00f6nyveket 1724-t\u0151l kezdve vezetik. A Szent Orb\u00e1n-k\u00e1poln\u00e1t az 1700-as \u00e9vek v\u00e9g\u00e9n \u00e9p\u00edthett\u00e9k. Mai form\u00e1j\u00e1t 1866-ban nyerte el. 1883-ban egy b\u00edr\u00f3s\u00e1gi rendelkez\u00e9s a k\u00e1polna birtokainak j\u00f6vedelm\u00e9t az egyh\u00e1z jav\u00e1ra \u00edt\u00e9lte. Vagyon\u00e1t ett\u0151l kezdve a pl\u00e9b\u00e1nos \u00e9s a k\u00e1polnagondnok kezelte. Meg\u00e1llap\u00edtott\u00e1k ekkor, hogy a b\u00facs\u00faval \u00f6sszek\u00f6t\u00f6tt v\u00e1s\u00e1r \u00e9venk\u00e9nt 50-60 forint j\u00f6vedelmet hozott a k\u00e1poln\u00e1nak.Az els\u0151 vil\u00e1gh\u00e1bor\u00fa alatt,&#8230;<\/p>\n<p class=\"read-more\"><a class=\"btn btn-default\" href=\"https:\/\/marcali.plebania.hu\/?page_id=46\"> Read More<span class=\"screen-reader-text\">  Read More<\/span><\/a><\/p>\n","protected":false},"author":1,"featured_media":0,"parent":12,"menu_order":0,"comment_status":"closed","ping_status":"closed","template":"","meta":{"footnotes":""},"class_list":["post-46","page","type-page","status-publish","hentry"],"_links":{"self":[{"href":"https:\/\/marcali.plebania.hu\/index.php?rest_route=\/wp\/v2\/pages\/46","targetHints":{"allow":["GET"]}}],"collection":[{"href":"https:\/\/marcali.plebania.hu\/index.php?rest_route=\/wp\/v2\/pages"}],"about":[{"href":"https:\/\/marcali.plebania.hu\/index.php?rest_route=\/wp\/v2\/types\/page"}],"author":[{"embeddable":true,"href":"https:\/\/marcali.plebania.hu\/index.php?rest_route=\/wp\/v2\/users\/1"}],"replies":[{"embeddable":true,"href":"https:\/\/marcali.plebania.hu\/index.php?rest_route=%2Fwp%2Fv2%2Fcomments&post=46"}],"version-history":[{"count":4,"href":"https:\/\/marcali.plebania.hu\/index.php?rest_route=\/wp\/v2\/pages\/46\/revisions"}],"predecessor-version":[{"id":5083,"href":"https:\/\/marcali.plebania.hu\/index.php?rest_route=\/wp\/v2\/pages\/46\/revisions\/5083"}],"up":[{"embeddable":true,"href":"https:\/\/marcali.plebania.hu\/index.php?rest_route=\/wp\/v2\/pages\/12"}],"wp:attachment":[{"href":"https:\/\/marcali.plebania.hu\/index.php?rest_route=%2Fwp%2Fv2%2Fmedia&parent=46"}],"curies":[{"name":"wp","href":"https:\/\/api.w.org\/{rel}","templated":true}]}}

Szent Orbán-kápolna

<p><strong>Alapítva:</strong> 1700-as évek vége<br /><strong>Titulusa:</strong> I. Szent Orbán pápa<br /><strong>Búcsú napja:</strong> május 25.</p>
<p>Marcali települést először 1274-ben említi egy okirat. A török idők után 1722-ben szervezték újjá a plébániát. Az anyakönyveket 1724-től kezdve vezetik. A Szent Orbán-kápolnát az 1700-as évek végén építhették. Mai formáját 1866-ban nyerte el. 1883-ban egy bírósági rendelkezés a kápolna birtokainak jövedelmét az egyház javára ítélte. Vagyonát ettől kezdve a plébános és a kápolnagondnok kezelte. Megállapították ekkor, hogy a búcsúval összekötött vásár évenként 50-60 forint jövedelmet hozott a kápolnának.<br />Az első világháború alatt, katonai intézkedésre leszerelték a kápolna harangját is. Az Orbán-kápolna új, 44 kg-os harangját 1926. február 7-én, a délutáni litánia után, körmenetileg vitték ki a hegyre, ahol C. Rejőd Tibor p. kamarás, az Ecclésia igazgatója tartott ünnepi beszédet, majd utána történt meg a harang felszerelése.<br />A rossz tetőzetet 1932-ben hozatták rendbe, továbbá kívül-belül restaurálták, valamint lemeszelték a kápolnát, ezen kívül még az ajtókat és ablakokat is újrafestették. A II. világháború végén hosszan tartó súlyos harcok folytak Marcaliban és környékén. A front elvonulása után Kőszeghy Antal plébános végigjárta és felmérte a marcali templomok állapotát. Benyomásait 1945. április 15-én a plébánia Historia Domus-ában jegyezte le: „A Szt. Orbán hegyikápolna tornya lelőve, az épület sérült, ablaktalan.” A pusztítások nyomait csak lassú ütemben tudták eltüntetni.<br />1966-ban dr. Lukács István plébános a kápolna szószékét beszállíttatta a plébániatemplomba. Az Orbán kápolna ablakait 1967-ben javíttatták ki Vörös asztalossal, sőt kívülről még farostlemez-védőket is fel kellett szerelni a kődobálók ellen. A teljes tatarozást 1968 májusában 4.988 Ft 20 fillér költségen végezték el, amiből 900 Ft volt a tető kijavítása. Cserepet a plébános a plébánia-templomtól hozatott. Sok kőműves, főleg Bejczi István dolgozott társadalmi munkában. A befejező munkálatokban Szabó Antal is közreműködött.1971. május 30-án, Pünkösd-vasárnap dr. Lukács István plébános megáldotta a Szent Orbán-kápolna előtt elhelyezett keresztet.<br />A kápolna körüli területből 1982-ben 440 m²-ert eladtak a környező telektulajdonosoknak, akik az épület nyugati felén kocsibejárót létesítettek, a megmaradt részt bekerítették drótkerítéssel, és vaskapuval lezárták. A kápolnát Révai József plébános saját pénzéből, 150.000 Ft költségen restauráltatta 1985-ben. A búcsút és a kívül-belül felújított kápolnát Szentháromság vasárnapján áldotta meg a plébános nagy hívősereg jelenlétében.<br />Az újabb külső felújítás 1993-ban kezdődött 1,1 millió Ft költségen. Majd immár Kiss Iván plébános idejében, 1994 tavaszán, a belső felújítással folytatódott. A munkát Király Jenő szervezte meg. Igen sok segítség érkezett a hívektől társadalmi munkában és adományokban. Laki István végezte a kőműves munkákat. Egy magát megnevezni nem kívánó hívő adománya lehetővé tette, hogy az Orbán-kápolna képét is restaurálni lehessen.<br />2001. október 4-én kezdődött a kápolna vakolatának lekaparása, majd a falak szigetelése. A festési munkák 2002. április 29-én indultak meg. A teljesen felújított Szent Orbán-kápolnát május 21-én Balás Béla püspök áldotta meg. Király Jenő templomatya irányításával 2005. május 6-án elbontották a régi téglaoltár egy részét, hogy a plébániatemplomból átszállított fa-oltárt el tudják helyezni. Május 13-án asztalosok új dobogót készítettek az oltár köré.<br />2009. szeptember 6-án első ízben tartottak termény-betakarítási hálaadó szentmisét. A hívek szép számban hoztak különféle terményeket, mellyel több asztal is megtelt. A szentmisét Kiss Iván c. prépost, esperes-plébános celebrálta a kápolna előtti szabadtéren.</p>
<p> </p>
<p>A kápolna védőszentje: I. Szent Orbán pápa (222 és 230 közt)<br />Ünnepe: május 25.</p>
<p>Legenda: Szent Cecília vőlegényét, Valerianust Orbán keresztelte meg. Ugyancsak ő temette el Szent Cecíliát. Ledöntötte a bálványokat. Megparancsolta a lelkészeknek, hogy a kehely és a paténa ezüstből vagy aranyból készüljön. A római származású Orbánt és társait lefejezték.</p>
<p>Patronátus: Németországban, mivel ünnepe egybeesik a szőlők művelésének befejező ünnepével, a XIII. század óta a vincellérek patrónusa [ez valószínűleg a langres-i Orbán püspökről (V. szd.) hagyományozódott Orbán pápára]. Segítségét kérik fagyveszélyben.</p>
<p>Tisztelet, kultuszhely: Bizonytalan, hogy sírja Rómában, a Szent Callixtus-katakombában volt-e. Földi maradványait I. Paszkál pápa 819-ben átvitette a Szent Cecília-templomba.</p>
<p>Néphit: Orbán-nap a középkori német jog szerint a megművelt szőlőkből származó jövedelem bevallásának határideje. Igen sok népszokás ismeretes mezőgazdasággal kapcsolatban, sok kérő körmenet, Orbán-lovaglás, Orbán-figurák megmártása a patakban, Orbán-ajándékok (az Orbán-kenyere szokásból), bor és egyéb termékek formájában szokásos a Rajna vidékén az öregeknek és betegeknek (1945 után újjáéledt). Időjárási fordulónap, ha süt a nap Orbán napján, az a bort jó évjáratúvá teszi.</p>
<p>Források:<br />– Marcali Plébánia Historia Domus I. kötet (1878-1939)<br />– Marcali Plébánia Historia Domus II. kötet (1940-2008)<br />– Marcali Plébánia Historia Domus III. kötet (2008-tól)<br />– Szentek Élete</p>
<p>Összeállította: Kiss Kálmán</p>


<p></p>

<p>Alapítva: 1700-as évek végeTitulusa: I. Szent Orbán pápaBúcsú napja: május 25. Marcali települést először 1274-ben említi egy okirat. A török idők után 1722-ben szervezték újjá a plébániát. Az anyakönyveket 1724-től kezdve vezetik. A Szent Orbán-kápolnát az 1700-as évek végén építhették. Mai formáját 1866-ban nyerte el. 1883-ban egy bírósági rendelkezés a kápolna birtokainak jövedelmét az egyház javára ítélte. Vagyonát ettől kezdve a plébános és a kápolnagondnok kezelte. Megállapították ekkor, hogy a búcsúval összekötött vásár évenként 50-60 forint jövedelmet hozott a kápolnának.Az első világháború alatt,&#8230;</p>
<p class="read-more"><a class="btn btn-default" href="https://marcali.plebania.hu/?page_id=46"> Read More<span class="screen-reader-text">  Read More</span></a></p>
