{"id":48,"date":"2018-04-14T07:54:54","date_gmt":"2018-04-14T07:54:54","guid":{"rendered":"https:\/\/marcali.plebania.hu\/?page_id=48"},"modified":"2023-10-24T21:04:00","modified_gmt":"2023-10-24T21:04:00","slug":"korhazkapolna","status":"publish","type":"page","link":"https:\/\/marcali.plebania.hu\/?page_id=48","title":{"rendered":"K\u00f3rh\u00e1zk\u00e1polna"},"content":{"rendered":"<p>A jelenlegi kutat\u00e1sok alapj\u00e1n m\u00e1r \u00c1d\u00e1m J\u00e1nos ap\u00e1t-pl\u00e9b\u00e1nos (1878-1914) idej\u00e9ben napirenden szerepelt a k\u00f3rh\u00e1zk\u00e1polna \u00fcgye. Err\u0151l 1890-ben a Marcali pl\u00e9b\u00e1nia Historia Domus-\u00e1ban (I. k\u00f6tet) \u00c1d\u00e1m J\u00e1nos a k\u00f6vetkez\u0151ket jegyezte le: \u201eAz \u00fagynevezett mag\u00e1nk\u00f3rh\u00e1z, melynek alapj\u00e1t Paczay Istv\u00e1n n\u00e9hai marczalii ap\u00e1t-pl\u00e9b\u00e1nos vetette meg, a magas korm\u00e1ny beleegyez\u00e9s\u00e9vel nyilv\u00e1nos k\u00f6zk\u00f3rh\u00e1zz\u00e1 alak\u00edttatik. A mag\u00e1nk\u00f3rh\u00e1zi alap megvette a k\u00f3rh\u00e1z szomsz\u00e9ds\u00e1g\u00e1ban l\u00e9v\u0151 N\u00e9meth Ferenc-f\u00e9le h\u00e1zat s a k\u00f3rh\u00e1zi \u00e9p\u00fcletet kiterjeszti \u00e9s meg\u00e9p\u00edti az \u00faj telekre is, \u00e9s berendezi \u00e9s f\u00f6lszereli a k\u00f3rh\u00e1zat a sz\u00fcks\u00e9gesekkel 30 beteg sz\u00e1m\u00e1ra. A k\u00f3rh\u00e1z f\u0151orvosa dr. Szaplonczay Man\u00f3, m\u00e1sodorvosa dr. Mitzher Miksa, gondnoka Szalay J\u00f3zsef. A k\u00f3rh\u00e1zban kis k\u00e1polna van, melynek f\u00f6lszerel\u00e9s\u00e9t a pl\u00e9b\u00e1nos v\u00e1llalta mag\u00e1ra.\u201d A k\u00f6vetkez\u0151 \u00e9vben (1891-ben) a pl\u00e9b\u00e1nos \u00edgy folytatta besz\u00e1mol\u00f3j\u00e1t: \u201eA nyilv\u00e1nos k\u00f6zk\u00f3rh\u00e1z jan. elej\u00e9n megnyittatik; a k\u00f3rh\u00e1z \u00e9s k\u00e1polna J\u00e9zus szent neve \u00fcnnep\u00e9n a h\u00edvek jelenl\u00e9t\u00e9ben benedik\u00e1ltatik. A k\u00e1poln\u00e1ban id\u0151nkint mis\u00e9 v\u00e9gez a pl\u00e9b\u00e1nos, amid\u0151n a betegek elv\u00e9gzik gy\u00f3n\u00e1sukat \u00e9s \u00e1ldoz\u00e1sukat.\u201d A k\u00f3rh\u00e1zk\u00e1polna feltehet\u0151leg a II. vil\u00e1gh\u00e1bor\u00fa ut\u00e1nig fennakad\u00e1s n\u00e9lk\u00fcl m\u0171k\u00f6d\u00f6tt. Majd ezut\u00e1n funkci\u00f3j\u00e1t kb. 40 \u00e9vre az id\u0151k\u00f6zben bek\u00f6vetkez\u0151 t\u00f6rt\u00e9neti-politikai fejlem\u00e9nyek szak\u00edtott\u00e1k meg.<br \/>\nA rendszerv\u00e1lt\u00e1st k\u00f6vet\u0151en els\u0151k\u00e9nt 1991-ben mer\u00fclt fel az az ig\u00e9ny, hogy a Marcali V\u00e1rosi K\u00f3rh\u00e1zban is lehetne szentmis\u00e9ket tartani. Ezt k\u00f6vet\u0151en 1991 h\u00fasv\u00e9tja ut\u00e1n celebr\u00e1lt\u00e1k az els\u0151 szentmis\u00e9t, majd att\u00f3l fogva minden szombaton rendszeresen is mis\u00e9t mondtak. Keszler Ter\u00e9z f\u0151n\u0151v\u00e9r k\u00f6zbenj\u00e1r\u00e1s\u00e1ra el\u0151sz\u00f6r a k\u00f3rh\u00e1z eb\u00e9dl\u0151j\u00e9ben tartott\u00e1k meg a szertart\u00e1sokat, majd R\u00e9vai J\u00f3zsef c. pr\u00e9post, esperes-pl\u00e9b\u00e1nos (1979-1993) \u00edg\u00e9retet kapott arra, hogy a k\u00f3rh\u00e1z rekonstrukci\u00f3ja folyam\u00e1n, egy k\u00e1polna kialak\u00edt\u00e1s\u00e1t is tervbe vett\u00e9k. A k\u00e1poln\u00e1t v\u00e9g\u00fcl a v\u00e1rosi k\u00f3rh\u00e1z alagsor\u00e1ban alak\u00edtott\u00e1k ki.<\/p>\n<p>A k\u00f3rh\u00e1zi betegek gy\u00f3ntat\u00e1sa \u00e9s \u00e1ldoztat\u00e1sa jelenleg minden h\u00f3nap els\u0151 \u00e9s harmadik cs\u00fct\u00f6rt\u00f6k\u00e9n 16 \u00f3r\u00e1t\u00f3l t\u00f6rt\u00e9nik. A betegek szents\u00e9g\u00e9nek kiszolg\u00e1ltat\u00e1s\u00e1ra \u2013 el\u0151zetes egyeztet\u00e9s ut\u00e1n \u2013 m\u00e1s id\u0151pontokban is lehet\u0151s\u00e9g van.<\/p>\n<p>Forr\u00e1sok:<br \/>\n\u2013 Marcali Pl\u00e9b\u00e1nia Historia Domus I. k\u00f6tet (1878-1939)<br \/>\n\u2013 Marcali Pl\u00e9b\u00e1nia Historia Domus II. k\u00f6tet (1940-2008)<\/p>\n<p>\u00d6ssze\u00e1ll\u00edtotta: Kiss K\u00e1lm\u00e1n<\/p>\n","protected":false},"excerpt":{"rendered":"<p>A jelenlegi kutat\u00e1sok alapj\u00e1n m\u00e1r \u00c1d\u00e1m J\u00e1nos ap\u00e1t-pl\u00e9b\u00e1nos (1878-1914) idej\u00e9ben napirenden szerepelt a k\u00f3rh\u00e1zk\u00e1polna \u00fcgye. Err\u0151l 1890-ben a Marcali pl\u00e9b\u00e1nia Historia Domus-\u00e1ban (I. k\u00f6tet) \u00c1d\u00e1m J\u00e1nos a k\u00f6vetkez\u0151ket jegyezte le: \u201eAz \u00fagynevezett mag\u00e1nk\u00f3rh\u00e1z, melynek alapj\u00e1t Paczay Istv\u00e1n n\u00e9hai marczalii ap\u00e1t-pl\u00e9b\u00e1nos vetette meg, a magas korm\u00e1ny beleegyez\u00e9s\u00e9vel nyilv\u00e1nos k\u00f6zk\u00f3rh\u00e1zz\u00e1 alak\u00edttatik. A mag\u00e1nk\u00f3rh\u00e1zi alap megvette a k\u00f3rh\u00e1z szomsz\u00e9ds\u00e1g\u00e1ban l\u00e9v\u0151 N\u00e9meth Ferenc-f\u00e9le h\u00e1zat s a k\u00f3rh\u00e1zi \u00e9p\u00fcletet kiterjeszti \u00e9s meg\u00e9p\u00edti az \u00faj telekre is, \u00e9s berendezi \u00e9s f\u00f6lszereli a k\u00f3rh\u00e1zat a sz\u00fcks\u00e9gesekkel 30&#8230;<\/p>\n<p class=\"read-more\"><a class=\"btn btn-default\" href=\"https:\/\/marcali.plebania.hu\/?page_id=48\"> Read More<span class=\"screen-reader-text\">  Read More<\/span><\/a><\/p>\n","protected":false},"author":1,"featured_media":0,"parent":12,"menu_order":0,"comment_status":"closed","ping_status":"closed","template":"","meta":{"footnotes":""},"class_list":["post-48","page","type-page","status-publish","hentry"],"_links":{"self":[{"href":"https:\/\/marcali.plebania.hu\/index.php?rest_route=\/wp\/v2\/pages\/48","targetHints":{"allow":["GET"]}}],"collection":[{"href":"https:\/\/marcali.plebania.hu\/index.php?rest_route=\/wp\/v2\/pages"}],"about":[{"href":"https:\/\/marcali.plebania.hu\/index.php?rest_route=\/wp\/v2\/types\/page"}],"author":[{"embeddable":true,"href":"https:\/\/marcali.plebania.hu\/index.php?rest_route=\/wp\/v2\/users\/1"}],"replies":[{"embeddable":true,"href":"https:\/\/marcali.plebania.hu\/index.php?rest_route=%2Fwp%2Fv2%2Fcomments&post=48"}],"version-history":[{"count":4,"href":"https:\/\/marcali.plebania.hu\/index.php?rest_route=\/wp\/v2\/pages\/48\/revisions"}],"predecessor-version":[{"id":5086,"href":"https:\/\/marcali.plebania.hu\/index.php?rest_route=\/wp\/v2\/pages\/48\/revisions\/5086"}],"up":[{"embeddable":true,"href":"https:\/\/marcali.plebania.hu\/index.php?rest_route=\/wp\/v2\/pages\/12"}],"wp:attachment":[{"href":"https:\/\/marcali.plebania.hu\/index.php?rest_route=%2Fwp%2Fv2%2Fmedia&parent=48"}],"curies":[{"name":"wp","href":"https:\/\/api.w.org\/{rel}","templated":true}]}}

Kórházkápolna

<p>A jelenlegi kutatások alapján már Ádám János apát-plébános (1878-1914) idejében napirenden szerepelt a kórházkápolna ügye. Erről 1890-ben a Marcali plébánia Historia Domus-ában (I. kötet) Ádám János a következőket jegyezte le: „Az úgynevezett magánkórház, melynek alapját Paczay István néhai marczalii apát-plébános vetette meg, a magas kormány beleegyezésével nyilvános közkórházzá alakíttatik. A magánkórházi alap megvette a kórház szomszédságában lévő Németh Ferenc-féle házat s a kórházi épületet kiterjeszti és megépíti az új telekre is, és berendezi és fölszereli a kórházat a szükségesekkel 30 beteg számára. A kórház főorvosa dr. Szaplonczay Manó, másodorvosa dr. Mitzher Miksa, gondnoka Szalay József. A kórházban kis kápolna van, melynek fölszerelését a plébános vállalta magára.” A következő évben (1891-ben) a plébános így folytatta beszámolóját: „A nyilvános közkórház jan. elején megnyittatik; a kórház és kápolna Jézus szent neve ünnepén a hívek jelenlétében benedikáltatik. A kápolnában időnkint misé végez a plébános, amidőn a betegek elvégzik gyónásukat és áldozásukat.” A kórházkápolna feltehetőleg a II. világháború utánig fennakadás nélkül működött. Majd ezután funkcióját kb. 40 évre az időközben bekövetkező történeti-politikai fejlemények szakították meg.<br />
A rendszerváltást követően elsőként 1991-ben merült fel az az igény, hogy a Marcali Városi Kórházban is lehetne szentmiséket tartani. Ezt követően 1991 húsvétja után celebrálták az első szentmisét, majd attól fogva minden szombaton rendszeresen is misét mondtak. Keszler Teréz főnővér közbenjárására először a kórház ebédlőjében tartották meg a szertartásokat, majd Révai József c. prépost, esperes-plébános (1979-1993) ígéretet kapott arra, hogy a kórház rekonstrukciója folyamán, egy kápolna kialakítását is tervbe vették. A kápolnát végül a városi kórház alagsorában alakították ki.</p>
<p>A kórházi betegek gyóntatása és áldoztatása jelenleg minden hónap első és harmadik csütörtökén 16 órától történik. A betegek szentségének kiszolgáltatására – előzetes egyeztetés után – más időpontokban is lehetőség van.</p>
<p>Források:<br />
– Marcali Plébánia Historia Domus I. kötet (1878-1939)<br />
– Marcali Plébánia Historia Domus II. kötet (1940-2008)</p>
<p>Összeállította: Kiss Kálmán</p>

<p>A jelenlegi kutatások alapján már Ádám János apát-plébános (1878-1914) idejében napirenden szerepelt a kórházkápolna ügye. Erről 1890-ben a Marcali plébánia Historia Domus-ában (I. kötet) Ádám János a következőket jegyezte le: „Az úgynevezett magánkórház, melynek alapját Paczay István néhai marczalii apát-plébános vetette meg, a magas kormány beleegyezésével nyilvános közkórházzá alakíttatik. A magánkórházi alap megvette a kórház szomszédságában lévő Németh Ferenc-féle házat s a kórházi épületet kiterjeszti és megépíti az új telekre is, és berendezi és fölszereli a kórházat a szükségesekkel 30&#8230;</p>
<p class="read-more"><a class="btn btn-default" href="https://marcali.plebania.hu/?page_id=48"> Read More<span class="screen-reader-text">  Read More</span></a></p>
