{"id":50,"date":"2018-04-14T07:55:06","date_gmt":"2018-04-14T07:55:06","guid":{"rendered":"https:\/\/marcali.plebania.hu\/?page_id=50"},"modified":"2023-10-24T20:59:45","modified_gmt":"2023-10-24T20:59:45","slug":"temetokapolna","status":"publish","type":"page","link":"https:\/\/marcali.plebania.hu\/?page_id=50","title":{"rendered":"Temet\u0151k\u00e1polna"},"content":{"rendered":"<p><strong>Alap\u00edtva:<\/strong>\u00a01879<br \/><strong>Titulusa:<\/strong>\u00a0Szent Kereszt<br \/><strong>\u00dcnnepe:<\/strong>\u00a0szeptember 14.<\/p>\n<p>1879-ben Pluh\u00e1n J\u00e1nos\u00a0marcali \u00f6reg k\u0151m\u0171ves\u00a0a temet\u0151ben k\u00e1poln\u00e1t, s al\u00e1 s\u00edrboltot \u00e9p\u00edttetett.<br \/>1894-ben\u00a0a temet\u0151k\u00e1polna r\u00e9sz\u00e9re egy\u00a0B\u00e9csben k\u00e9sz\u00fclt olt\u00e1rk\u00e9pet v\u00e1s\u00e1roltak\u00a080 Ft-\u00e9rt. (A r\u00e9gi olt\u00e1rk\u00e9p ugyanis id\u0151k\u00f6zben t\u00f6nkrement, mivel a k\u00e1polna\u00e9p\u00edt\u00e9s els\u0151 nyar\u00e1n nem sz\u00e1radt ki teljesen az \u00e9p\u00fclet.)<br \/>1931-ben\u00a0K\u0151szeghy Antal pl\u00e9b\u00e1nos\u00a0idej\u00e9ben k\u00edv\u00fcl-bel\u00fcl restaur\u00e1lva lett az akkorra m\u00e1r igen elhanyagolt \u00e1llapotban l\u00e9v\u0151 temet\u0151k\u00e1polna.<br \/>1945. \u00e1prilis 15-\u00e9n K\u0151szeghy Antal pl\u00e9b\u00e1nos a Historia Domus lapjain az al\u00e1bbiakat \u00edrta a h\u00e1bor\u00fas s\u00e9r\u00fcl\u00e9sekr\u0151l: \u201eTemet\u0151k\u00e1poln\u00e1n kev\u00e9s tet\u0151s\u00e9r\u00fcl\u00e9s.\u201d A rong\u00e1l\u00f3d\u00e1sok rendbehoz\u00e1s\u00e1ra a pl\u00e9b\u00e1nos iparosokat keresett, majd a legsz\u00fcks\u00e9gesebb jav\u00edt\u00e1sokat a tavasz-ny\u00e1r folyam\u00e1n elv\u00e9gezt\u00e9k.<br \/>1969-ben\u00a0Ivusza L\u00e1szl\u00f3 k\u0151m\u0171ves\u00a0bevakolta a temet\u0151k\u00e1poln\u00e1t.<br \/>1980 tavasz\u00e1n az egyh\u00e1zk\u00f6zs\u00e9g a temet\u0151ket \u00e1llami tulajdonba adta a v\u00e1rosnak. A temet\u0151k\u00e1polna tov\u00e1bbra is az egyh\u00e1zk\u00f6zs\u00e9g tulajdon\u00e1ban maradt. \u00c1llagmeg\u00f3v\u00e1s\u00e1ra viszont a v\u00e1ros v\u00e1llalt k\u00f6telezetts\u00e9get.<br \/>1995. janu\u00e1r 26-\u00e1n ismeretlen tettes bet\u00f6rt a temet\u0151k\u00e1poln\u00e1ba.<br \/>1996. \u00e1prilis 15-\u00e9n kezd\u0151d\u00f6tt a k\u00e1polna fel\u00faj\u00edt\u00e1sa. A munk\u00e1latokat augusztus 29-\u00e9n a fest\u00e9ssel folytatt\u00e1k. V\u00e9g\u00fcl november 1-\u00e9n\u00a0Kiss Iv\u00e1n esperes-pl\u00e9b\u00e1nos\u00a0meg\u00e1ldotta a teljesen fel\u00faj\u00edtott k\u00e1poln\u00e1t.<br \/>2002. j\u00falius 16-\u00e1n, az egyh\u00e1zk\u00f6zs\u00e9g az \u00f6nkorm\u00e1nyzattal k\u00f6z\u00f6sen kezdte meg a temet\u0151k\u00e1polna tet\u0151zet\u00e9nek fel\u00faj\u00edt\u00e1s\u00e1t.<br \/>2004. november 2-\u00e1n szabadt\u00e9ri szentmis\u00e9t tartottak a temet\u0151 k\u00e1poln\u00e1j\u00e1n\u00e1l, melynek keret\u00e9ben\u00a0Kiss Iv\u00e1n c. pr\u00e9post, esperes-pl\u00e9b\u00e1nos\u00a0meg\u00e1ldotta a k\u00edv\u00fcl-bel\u00fcl fel\u00faj\u00edtott k\u00e1poln\u00e1t. Az egyh\u00e1zk\u00f6zs\u00e9g abban az \u00e9vben szigetelte a k\u00e1polna falait. Ezen k\u00edv\u00fcl a toronyn\u00e1l rossz \u00e1llapotban l\u00e9v\u0151 t\u00e9gl\u00e1kat is kicser\u00e9lt\u00e9k. Az \u00e9p\u00fcletet \u00fajb\u00f3l befestett\u00e9k. A munk\u00e1kat\u00a0Kiss Istv\u00e1n sz\u0151kedencsi k\u0151m\u0171ves\u00a0aj\u00e1nd\u00e9kk\u00e9nt v\u00e9gezte. A k\u00e1polna ekkor \u00fcnnepelte fenn\u00e1ll\u00e1s\u00e1nak 125 \u00e9ves jubileum\u00e1t.<\/p>\n<p>Forr\u00e1sok:<br \/>\u2013 Marcali Pl\u00e9b\u00e1nia Historia Domus I. k\u00f6tet (1878-1939)<br \/>\u2013 Marcali Pl\u00e9b\u00e1nia Historia Domus II. k\u00f6tet (1940-2008)<\/p>\n<p>\u00d6ssze\u00e1ll\u00edtotta:\u00a0Kiss K\u00e1lm\u00e1n<\/p>\n\n\n<p><\/p>\n","protected":false},"excerpt":{"rendered":"<p>Alap\u00edtva:\u00a01879Titulusa:\u00a0Szent Kereszt\u00dcnnepe:\u00a0szeptember 14. 1879-ben Pluh\u00e1n J\u00e1nos\u00a0marcali \u00f6reg k\u0151m\u0171ves\u00a0a temet\u0151ben k\u00e1poln\u00e1t, s al\u00e1 s\u00edrboltot \u00e9p\u00edttetett.1894-ben\u00a0a temet\u0151k\u00e1polna r\u00e9sz\u00e9re egy\u00a0B\u00e9csben k\u00e9sz\u00fclt olt\u00e1rk\u00e9pet v\u00e1s\u00e1roltak\u00a080 Ft-\u00e9rt. (A r\u00e9gi olt\u00e1rk\u00e9p ugyanis id\u0151k\u00f6zben t\u00f6nkrement, mivel a k\u00e1polna\u00e9p\u00edt\u00e9s els\u0151 nyar\u00e1n nem sz\u00e1radt ki teljesen az \u00e9p\u00fclet.)1931-ben\u00a0K\u0151szeghy Antal pl\u00e9b\u00e1nos\u00a0idej\u00e9ben k\u00edv\u00fcl-bel\u00fcl restaur\u00e1lva lett az akkorra m\u00e1r igen elhanyagolt \u00e1llapotban l\u00e9v\u0151 temet\u0151k\u00e1polna.1945. \u00e1prilis 15-\u00e9n K\u0151szeghy Antal pl\u00e9b\u00e1nos a Historia Domus lapjain az al\u00e1bbiakat \u00edrta a h\u00e1bor\u00fas s\u00e9r\u00fcl\u00e9sekr\u0151l: \u201eTemet\u0151k\u00e1poln\u00e1n kev\u00e9s tet\u0151s\u00e9r\u00fcl\u00e9s.\u201d A rong\u00e1l\u00f3d\u00e1sok rendbehoz\u00e1s\u00e1ra a pl\u00e9b\u00e1nos iparosokat keresett, majd a legsz\u00fcks\u00e9gesebb jav\u00edt\u00e1sokat&#8230;<\/p>\n<p class=\"read-more\"><a class=\"btn btn-default\" href=\"https:\/\/marcali.plebania.hu\/?page_id=50\"> Read More<span class=\"screen-reader-text\">  Read More<\/span><\/a><\/p>\n","protected":false},"author":1,"featured_media":0,"parent":12,"menu_order":0,"comment_status":"closed","ping_status":"closed","template":"","meta":{"footnotes":""},"class_list":["post-50","page","type-page","status-publish","hentry"],"_links":{"self":[{"href":"https:\/\/marcali.plebania.hu\/index.php?rest_route=\/wp\/v2\/pages\/50","targetHints":{"allow":["GET"]}}],"collection":[{"href":"https:\/\/marcali.plebania.hu\/index.php?rest_route=\/wp\/v2\/pages"}],"about":[{"href":"https:\/\/marcali.plebania.hu\/index.php?rest_route=\/wp\/v2\/types\/page"}],"author":[{"embeddable":true,"href":"https:\/\/marcali.plebania.hu\/index.php?rest_route=\/wp\/v2\/users\/1"}],"replies":[{"embeddable":true,"href":"https:\/\/marcali.plebania.hu\/index.php?rest_route=%2Fwp%2Fv2%2Fcomments&post=50"}],"version-history":[{"count":3,"href":"https:\/\/marcali.plebania.hu\/index.php?rest_route=\/wp\/v2\/pages\/50\/revisions"}],"predecessor-version":[{"id":5084,"href":"https:\/\/marcali.plebania.hu\/index.php?rest_route=\/wp\/v2\/pages\/50\/revisions\/5084"}],"up":[{"embeddable":true,"href":"https:\/\/marcali.plebania.hu\/index.php?rest_route=\/wp\/v2\/pages\/12"}],"wp:attachment":[{"href":"https:\/\/marcali.plebania.hu\/index.php?rest_route=%2Fwp%2Fv2%2Fmedia&parent=50"}],"curies":[{"name":"wp","href":"https:\/\/api.w.org\/{rel}","templated":true}]}}

Temetőkápolna

<p><strong>Alapítva:</strong> 1879<br /><strong>Titulusa:</strong> Szent Kereszt<br /><strong>Ünnepe:</strong> szeptember 14.</p>
<p>1879-ben Pluhán János marcali öreg kőműves a temetőben kápolnát, s alá sírboltot építtetett.<br />1894-ben a temetőkápolna részére egy Bécsben készült oltárképet vásároltak 80 Ft-ért. (A régi oltárkép ugyanis időközben tönkrement, mivel a kápolnaépítés első nyarán nem száradt ki teljesen az épület.)<br />1931-ben Kőszeghy Antal plébános idejében kívül-belül restaurálva lett az akkorra már igen elhanyagolt állapotban lévő temetőkápolna.<br />1945. április 15-én Kőszeghy Antal plébános a Historia Domus lapjain az alábbiakat írta a háborús sérülésekről: „Temetőkápolnán kevés tetősérülés.” A rongálódások rendbehozására a plébános iparosokat keresett, majd a legszükségesebb javításokat a tavasz-nyár folyamán elvégezték.<br />1969-ben Ivusza László kőműves bevakolta a temetőkápolnát.<br />1980 tavaszán az egyházközség a temetőket állami tulajdonba adta a városnak. A temetőkápolna továbbra is az egyházközség tulajdonában maradt. Állagmegóvására viszont a város vállalt kötelezettséget.<br />1995. január 26-án ismeretlen tettes betört a temetőkápolnába.<br />1996. április 15-én kezdődött a kápolna felújítása. A munkálatokat augusztus 29-én a festéssel folytatták. Végül november 1-én Kiss Iván esperes-plébános megáldotta a teljesen felújított kápolnát.<br />2002. július 16-án, az egyházközség az önkormányzattal közösen kezdte meg a temetőkápolna tetőzetének felújítását.<br />2004. november 2-án szabadtéri szentmisét tartottak a temető kápolnájánál, melynek keretében Kiss Iván c. prépost, esperes-plébános megáldotta a kívül-belül felújított kápolnát. Az egyházközség abban az évben szigetelte a kápolna falait. Ezen kívül a toronynál rossz állapotban lévő téglákat is kicserélték. Az épületet újból befestették. A munkákat Kiss István szőkedencsi kőműves ajándékként végezte. A kápolna ekkor ünnepelte fennállásának 125 éves jubileumát.</p>
<p>Források:<br />– Marcali Plébánia Historia Domus I. kötet (1878-1939)<br />– Marcali Plébánia Historia Domus II. kötet (1940-2008)</p>
<p>Összeállította: Kiss Kálmán</p>


<p></p>

<p>Alapítva: 1879Titulusa: Szent KeresztÜnnepe: szeptember 14. 1879-ben Pluhán János marcali öreg kőműves a temetőben kápolnát, s alá sírboltot építtetett.1894-ben a temetőkápolna részére egy Bécsben készült oltárképet vásároltak 80 Ft-ért. (A régi oltárkép ugyanis időközben tönkrement, mivel a kápolnaépítés első nyarán nem száradt ki teljesen az épület.)1931-ben Kőszeghy Antal plébános idejében kívül-belül restaurálva lett az akkorra már igen elhanyagolt állapotban lévő temetőkápolna.1945. április 15-én Kőszeghy Antal plébános a Historia Domus lapjain az alábbiakat írta a háborús sérülésekről: „Temetőkápolnán kevés tetősérülés.” A rongálódások rendbehozására a plébános iparosokat keresett, majd a legszükségesebb javításokat&#8230;</p>
<p class="read-more"><a class="btn btn-default" href="https://marcali.plebania.hu/?page_id=50"> Read More<span class="screen-reader-text">  Read More</span></a></p>
