{"id":7010,"date":"2025-04-06T00:49:46","date_gmt":"2025-04-06T00:49:46","guid":{"rendered":"https:\/\/marcali.plebania.hu\/?page_id=7010"},"modified":"2025-04-29T21:29:29","modified_gmt":"2025-04-29T21:29:29","slug":"temetes","status":"publish","type":"page","link":"https:\/\/marcali.plebania.hu\/?page_id=7010","title":{"rendered":"Temet\u00e9s"},"content":{"rendered":"\n<blockquote class=\"wp-block-quote has-text-align-center is-layout-flow wp-block-quote-is-layout-flow\">\n<h4 class=\"wp-block-heading\">&#8222;Aty\u00e1mnak ugyanis az az akarata, hogy annak, aki l\u00e1tja a Fi\u00fat, \u00e9s hisz benne, <br>\u00f6r\u00f6k \u00e9lete legyen; \u00e9s \u00e9n felt\u00e1masztom az utols\u00f3 napon.&#8221;<em> (Jn 6, 40)<\/em><\/h4>\n<\/blockquote>\n\n\n\n<p>Elvesz\u00edteni valakit, akit szeret\u00fcnk \u2013 ez az emberi l\u00e9t egyik legf\u00e1jdalmasabb tapasztalata. \u00c9let\u00fcnk sor\u00e1n szinte mindny\u00e1jan szembes\u00fcl\u00fcnk hozz\u00e1tartoz\u00f3ink elveszt\u00e9s\u00e9vel. Ugyanakkor Krisztus felt\u00e1mad\u00e1sa a kereszt\u00e9ny ember sz\u00e1m\u00e1ra rem\u00e9nyt adott, hogy ahov\u00e1 \u0150, a F\u0151 eljutott, benn\u00fcnket is v\u00e1r. <em>\u201eHa azt\u00e1n elmegyek, \u00e9s helyet k\u00e9sz\u00edtek nektek, \u00fajra elj\u00f6v\u00f6k, \u00e9s magammal viszlek benneteket, hogy ti is ott legyetek, ahol \u00e9n vagyok.\u201d <\/em>(Jn 14,3)<\/p>\n\n\n\n<p>\u00cdgy szerett\u00fcnk elveszt\u00e9se, m\u00e9g ha f\u00e1jdalmas is, nem v\u00e9gleges: sz\u00e1munkra a hal\u00e1l nem elm\u00fal\u00e1s, hanem b\u00facs\u00fa a viszontl\u00e1t\u00e1s rem\u00e9ny\u00e9ben.<\/p>\n\n\n\n<p>Az egyh\u00e1z a gy\u00e1szol\u00f3k f\u00e1jdalm\u00e1t a temet\u00e9si szertart\u00e1ssal Krisztus \u00f6r\u00f6k \u00e9letet ad\u00f3 \u00edg\u00e9ret\u00e9hez kapcsolja. A kereszt\u00e9ny temet\u00e9s az Egyh\u00e1z liturgikus cselekm\u00e9nye, mellyel az elhunyttal val\u00f3 hat\u00e9kony k\u00f6z\u00f6ss\u00e9get fejezi ki \u00e9s hirdeti a gy\u00e1szol\u00f3knak az \u00f6r\u00f6k \u00e9letet. <\/p>\n\n\n\n<p>A temet\u00e9si szertart\u00e1s<strong> im\u00e1ds\u00e1g<\/strong> Istenhez az elhunyt\u00e9rt, a Katolikus Egyh\u00e1z \u00e1ltal j\u00f3v\u00e1hagyott Temet\u00e9si szertart\u00e1sk\u00f6nyv szerint v\u00e9gezz\u00fck, azon v\u00e1ltoztatni nem \u00e1ll m\u00f3dunkban. R\u00e9szei: <br>a) a k\u00f6z\u00f6ss\u00e9g h\u00edv\u0151 k\u00f6sz\u00f6nt\u00e9se <br>b) igeliturgia (szent\u00edr\u00e1si olvasm\u00e1ny) <br>c) hom\u00edlia (melynek ker\u00fclnie kell a dics\u00e9r\u0151 gy\u00e1szbesz\u00e9d m\u0171faj\u00e1t, \u00e9s a kereszt\u00e9ny hal\u00e1l titk\u00e1t a f\u00f6lt\u00e1madott Krisztus f\u00e9ny\u00e9ben kell megmutatnia) <br>d) v\u00e9gs\u0151 b\u00facs\u00fav\u00e9tel (v\u00f6. <a href=\"https:\/\/katolikus.hu\/dokumentumtar\/kek-449-454#K1679\">KEK 1680-1690.<\/a>)<\/p>\n\n\n\n<p>A szem\u00e9lyes visszatekint\u00e9s, m\u00e9ltat\u00e1s, b\u00facs\u00faztat\u00f3 nem r\u00e9sze a temet\u00e9si szertart\u00e1snak, de a szertart\u00e1s kezdete el\u0151tt biztos\u00edtunk r\u00e1 lehet\u0151s\u00e9get a hozz\u00e1tartoz\u00f3k, bar\u00e1tok vagy munkat\u00e1rsak sz\u00e1m\u00e1ra, amennyiben szeretn\u00e9nek besz\u00e9det mondani.<\/p>\n\n\n\n<p>Az egyh\u00e1zi szertart\u00e1s k\u00e9r\u00e9s\u00e9nek <strong>felt\u00e9tele<\/strong>, hogy az elhunyt katolikus h\u00edv\u0151 legyen \u00e9s a hozz\u00e1tartoz\u00f3k k\u00e9rj\u00e9k az egyh\u00e1z im\u00e1ds\u00e1g\u00e1t az elhunyt\u00e9rt. Temet\u00e9s egyeztet\u00e9s\u00e9hez, k\u00e9rj\u00fck, keress\u00e9k fel a <a href=\"https:\/\/marcali.plebania.hu\/index.php\/plebania\/iroda\/\">pl\u00e9b\u00e1nia irod\u00e1j\u00e1t<\/a> nyitvatart\u00e1si id\u0151ben, ahol az anyak\u00f6nyvez\u00e9shez sz\u00fcks\u00e9ges adatokat egyeztetj\u00fck &#8211; ez f\u00fcggetlen a temetkez\u00e9sn\u00e9l t\u00f6rt\u00e9nt egyeztet\u00e9st\u0151l &#8211; \u00e9s megbesz\u00e9lj\u00fck a felmer\u00fcl\u0151 k\u00e9rd\u00e9seket, p\u00e9ld\u00e1ul szeretn\u00e9nek-e szentmis\u00e9t mondatni az elhunyt\u00e9rt. (Gy\u00e1szmis\u00e9t kiz\u00e1r\u00f3lag a temet\u00e9shez k\u00f6t\u0151d\u0151en lehets\u00e9ges mondani.)<\/p>\n\n\n\n<p>A temet\u00e9si <strong>st\u00f3lad\u00edj<\/strong> f\u00fcggetlen az <a href=\"https:\/\/marcali.plebania.hu\/index.php\/plebania\/tamogatas\/\" data-type=\"page\" data-id=\"6726\">egyh\u00e1zi hozz\u00e1j\u00e1rul\u00e1s<\/a>t\u00f3l, nem is szolg\u00e1ltat\u00e1si d\u00edj, hanem meghagy\u00e1ssal k\u00eds\u00e9rt adom\u00e1ny, m\u00e9rt\u00e9k\u00e9t a Magyar Katolikus P\u00fcsp\u00f6ki Konferencia szabja meg. Ez 2023. \u00e1prilis 1-t\u0151l 25.000 forint (ami a temet\u0151 pap, a sekresty\u00e9s \u00e9s a templom k\u00f6zt oszlik meg). <br>Ezen fel\u00fcl szabadon megv\u00e1laszthat\u00f3an lehet k\u00e9rni a k\u00e1ntor szolg\u00e1lat\u00e1t (12.000 forint) \u00e9s\/vagy harangoz\u00e1st (harangoz\u00e1sonk\u00e9nt 2500 forint adom\u00e1ny a templom r\u00e9sz\u00e9re).<\/p>\n\n\n\n<p>Minden h\u00f3nap utols\u00f3 p\u00e9ntek\u00e9n (17:30) a szentmis\u00e9ben k\u00f6z\u00f6sen im\u00e1dkozunk egyh\u00e1zk\u00f6zs\u00e9g\u00fcnk elhunytjai\u00e9rt, erre szeretettel h\u00edvjuk a hozz\u00e1tartoz\u00f3kat is.<\/p>\n\n\n\n<p><\/p>\n","protected":false},"excerpt":{"rendered":"<p>&#8222;Aty\u00e1mnak ugyanis az az akarata, hogy annak, aki l\u00e1tja a Fi\u00fat, \u00e9s hisz benne, \u00f6r\u00f6k \u00e9lete legyen; \u00e9s \u00e9n felt\u00e1masztom az utols\u00f3 napon.&#8221; (Jn 6, 40) Elvesz\u00edteni valakit, akit szeret\u00fcnk \u2013 ez az emberi l\u00e9t egyik legf\u00e1jdalmasabb tapasztalata. \u00c9let\u00fcnk sor\u00e1n szinte mindny\u00e1jan szembes\u00fcl\u00fcnk hozz\u00e1tartoz\u00f3ink elveszt\u00e9s\u00e9vel. Ugyanakkor Krisztus felt\u00e1mad\u00e1sa a kereszt\u00e9ny ember sz\u00e1m\u00e1ra rem\u00e9nyt adott, hogy ahov\u00e1 \u0150, a F\u0151 eljutott, benn\u00fcnket is v\u00e1r. \u201eHa azt\u00e1n elmegyek, \u00e9s helyet k\u00e9sz\u00edtek nektek, \u00fajra elj\u00f6v\u00f6k, \u00e9s magammal viszlek benneteket, hogy ti is ott&#8230;<\/p>\n<p class=\"read-more\"><a class=\"btn btn-default\" href=\"https:\/\/marcali.plebania.hu\/?page_id=7010\"> Read More<span class=\"screen-reader-text\">  Read More<\/span><\/a><\/p>\n","protected":false},"author":2,"featured_media":0,"parent":8,"menu_order":0,"comment_status":"closed","ping_status":"closed","template":"","meta":{"footnotes":""},"class_list":["post-7010","page","type-page","status-publish","hentry"],"_links":{"self":[{"href":"https:\/\/marcali.plebania.hu\/index.php?rest_route=\/wp\/v2\/pages\/7010","targetHints":{"allow":["GET"]}}],"collection":[{"href":"https:\/\/marcali.plebania.hu\/index.php?rest_route=\/wp\/v2\/pages"}],"about":[{"href":"https:\/\/marcali.plebania.hu\/index.php?rest_route=\/wp\/v2\/types\/page"}],"author":[{"embeddable":true,"href":"https:\/\/marcali.plebania.hu\/index.php?rest_route=\/wp\/v2\/users\/2"}],"replies":[{"embeddable":true,"href":"https:\/\/marcali.plebania.hu\/index.php?rest_route=%2Fwp%2Fv2%2Fcomments&post=7010"}],"version-history":[{"count":12,"href":"https:\/\/marcali.plebania.hu\/index.php?rest_route=\/wp\/v2\/pages\/7010\/revisions"}],"predecessor-version":[{"id":7189,"href":"https:\/\/marcali.plebania.hu\/index.php?rest_route=\/wp\/v2\/pages\/7010\/revisions\/7189"}],"up":[{"embeddable":true,"href":"https:\/\/marcali.plebania.hu\/index.php?rest_route=\/wp\/v2\/pages\/8"}],"wp:attachment":[{"href":"https:\/\/marcali.plebania.hu\/index.php?rest_route=%2Fwp%2Fv2%2Fmedia&parent=7010"}],"curies":[{"name":"wp","href":"https:\/\/api.w.org\/{rel}","templated":true}]}}

Temetés

<blockquote class="wp-block-quote has-text-align-center is-layout-flow wp-block-quote-is-layout-flow">
<h4 class="wp-block-heading">&#8222;Atyámnak ugyanis az az akarata, hogy annak, aki látja a Fiút, és hisz benne, <br>örök élete legyen; és én feltámasztom az utolsó napon.&#8221;<em> (Jn 6, 40)</em></h4>
</blockquote>



<p>Elveszíteni valakit, akit szeretünk – ez az emberi lét egyik legfájdalmasabb tapasztalata. Életünk során szinte mindnyájan szembesülünk hozzátartozóink elvesztésével. Ugyanakkor Krisztus feltámadása a keresztény ember számára reményt adott, hogy ahová Ő, a Fő eljutott, bennünket is vár. <em>„Ha aztán elmegyek, és helyet készítek nektek, újra eljövök, és magammal viszlek benneteket, hogy ti is ott legyetek, ahol én vagyok.” </em>(Jn 14,3)</p>



<p>Így szerettünk elvesztése, még ha fájdalmas is, nem végleges: számunkra a halál nem elmúlás, hanem búcsú a viszontlátás reményében.</p>



<p>Az egyház a gyászolók fájdalmát a temetési szertartással Krisztus örök életet adó ígéretéhez kapcsolja. A keresztény temetés az Egyház liturgikus cselekménye, mellyel az elhunyttal való hatékony közösséget fejezi ki és hirdeti a gyászolóknak az örök életet. </p>



<p>A temetési szertartás<strong> imádság</strong> Istenhez az elhunytért, a Katolikus Egyház által jóváhagyott Temetési szertartáskönyv szerint végezzük, azon változtatni nem áll módunkban. Részei: <br>a) a közösség hívő köszöntése <br>b) igeliturgia (szentírási olvasmány) <br>c) homília (melynek kerülnie kell a dicsérő gyászbeszéd műfaját, és a keresztény halál titkát a föltámadott Krisztus fényében kell megmutatnia) <br>d) végső búcsúvétel (vö. <a href="https://katolikus.hu/dokumentumtar/kek-449-454#K1679">KEK 1680-1690.</a>)</p>



<p>A személyes visszatekintés, méltatás, búcsúztató nem része a temetési szertartásnak, de a szertartás kezdete előtt biztosítunk rá lehetőséget a hozzátartozók, barátok vagy munkatársak számára, amennyiben szeretnének beszédet mondani.</p>



<p>Az egyházi szertartás kérésének <strong>feltétele</strong>, hogy az elhunyt katolikus hívő legyen és a hozzátartozók kérjék az egyház imádságát az elhunytért. Temetés egyeztetéséhez, kérjük, keressék fel a <a href="https://marcali.plebania.hu/index.php/plebania/iroda/">plébánia irodáját</a> nyitvatartási időben, ahol az anyakönyvezéshez szükséges adatokat egyeztetjük &#8211; ez független a temetkezésnél történt egyeztetéstől &#8211; és megbeszéljük a felmerülő kérdéseket, például szeretnének-e szentmisét mondatni az elhunytért. (Gyászmisét kizárólag a temetéshez kötődően lehetséges mondani.)</p>



<p>A temetési <strong>stóladíj</strong> független az <a href="https://marcali.plebania.hu/index.php/plebania/tamogatas/" data-type="page" data-id="6726">egyházi hozzájárulás</a>tól, nem is szolgáltatási díj, hanem meghagyással kísért adomány, mértékét a Magyar Katolikus Püspöki Konferencia szabja meg. Ez 2023. április 1-től 25.000 forint (ami a temető pap, a sekrestyés és a templom közt oszlik meg). <br>Ezen felül szabadon megválaszthatóan lehet kérni a kántor szolgálatát (12.000 forint) és/vagy harangozást (harangozásonként 2500 forint adomány a templom részére).</p>



<p>Minden hónap utolsó péntekén (17:30) a szentmisében közösen imádkozunk egyházközségünk elhunytjaiért, erre szeretettel hívjuk a hozzátartozókat is.</p>



<p></p>

<p>&#8222;Atyámnak ugyanis az az akarata, hogy annak, aki látja a Fiút, és hisz benne, örök élete legyen; és én feltámasztom az utolsó napon.&#8221; (Jn 6, 40) Elveszíteni valakit, akit szeretünk – ez az emberi lét egyik legfájdalmasabb tapasztalata. Életünk során szinte mindnyájan szembesülünk hozzátartozóink elvesztésével. Ugyanakkor Krisztus feltámadása a keresztény ember számára reményt adott, hogy ahová Ő, a Fő eljutott, bennünket is vár. „Ha aztán elmegyek, és helyet készítek nektek, újra eljövök, és magammal viszlek benneteket, hogy ti is ott&#8230;</p>
<p class="read-more"><a class="btn btn-default" href="https://marcali.plebania.hu/?page_id=7010"> Read More<span class="screen-reader-text">  Read More</span></a></p>
